 is divided by (-326)/(-3097) - (-2352)/38.
54
Let m(w) = -12*w + 22. Let v be m(9). Suppose 3*b + 93 = 3*u, -2*b - 19 - 12 = -u. Calculate the remainder when v/(-1) - (1 - 3) - -1 is divided by u.
27
Let w(z) = -z**2 + 29. Let j = 1360 - 349. Let b = j - 896. What is the remainder when b is divided by w(0)?
28
Suppose 5 + 2 = 7*b. Let z(a) = 52*a - 1. Let d(m) = 52*m - 1. Let v(w) = 5*d(w) - 4*z(w). Calculate the remainder when v(b) is divided by 18.
15
Let o = -170 - -176. Suppose 0 = -o*k + 8*k - 2. Let h(a) = a**2 + 3*a - 3. Calculate the remainder when h(-4) is divided by k.
0
Let j = -255 + 262. What is the remainder when (2*(-5)/(-15))/(j/1470) is divided by 23?
2
Let n(g) = 7*g + 92. Suppose 0 = -10*d + 6*d - 40. Calculate the remainder when 88 is divided by n(d).
0
Let x be (-14)/(-4*1/14). Let p = x - 90. Let q = -32 - p. What is the remainder when 17 is divided by q?
8
Let w = -64 + -133. Let a = -151 - w. What is the remainder when 95 is divided by a?
3
Let u(l) = -3*l**2 - 2*l + 73. Suppose -5*b - 3*r = 4, -2*b + 2*r + r = 10. What is the remainder when u(0) is divided by (-1*(22 - 3))/(2/b)?
16
Suppose -37*j - 4*x + 5471 = -32*j, -3*x = -12. What is the remainder when j is divided by 251?
87
Let o = -68 + 93. Suppose 3*p = 5*c + o, -3*c = 4*p - 6*c - 26. Suppose 5 = -z + 3*v + v, p*z = -5*v + 25. What is the remainder when z is divided by 3?
0
Suppose 0 = 8*c + 10 + 30. Calculate the remainder when 19*8 - (-5 - (c + -3)) is divided by 38.
35
Let s(o) = -8*o - 4. Let z(d) = -3*d. Let r(b) = 2*s(b) - 6*z(b). What is the remainder when 13 is divided by r(10)?
1
Suppose 0 = 5*z + 3*v - 29 - 5, -3*z + 3*v = -6. Suppose 0 = q - m - 80, -m - 393 = -z*q + 15. What is the remainder when q is divided by 49?
33
Suppose 2*d - j = 11774, -4*d + 30156 - 6614 = -5*j. Calculate the remainder when d is divided by 10.
8
Let k(q) = -125*q - 3621. Suppose 305 = 3*u + 2*u. What is the remainder when u is divided by k(-29)?
1
Let y(m) = m**2 - m + 9. Let u(p) = 3*p + 18. Let v be u(-5). Suppose 3*d - v = 4*d. Calculate the remainder when y(d) is divided by 6.
3
Let g be 4/26 - 76/(-13). What is the remainder when g/(-4)*104/(-12) is divided by (-11 - -5)*52/(-78)?
1
What is the remainder when 1294 is divided by 38/(-22)*-2 + 1338/2453?
2
Suppose 4*l + 3 = -w + 26, -2*w + 33 = -5*l. Let x(t) = -18*t**2 + 52*t - 11. Let a be x(7). Let b = -493 - a. What is the remainder when b is divided by w?
17
Let j(b) = -45*b**2 - 409*b + 1. Calculate the remainder when 2366 is divided by j(-9).
35
Suppose w + 4*z + 97 = 114, -5*z = 2*w - 46. Let g = 204 - 141. Calculate the remainder when g is divided by w.
30
Suppose 4061 = 11*w + 3665. Calculate the remainder when 1259 is divided by w.
35
Let p(s) = -s**2 + 24*s - 6. Let x(d) = d**3 + 7*d**2 + 3*d - 20. Let v be x(-5). Calculate the remainder when p(v) is divided by 65.
64
Let c = -12434 - -12440. Suppose -5*d = 79 + 126. Let m = 70 + d. What is the remainder when m is divided by c?
5
Calculate the remainder when 106 is divided by (-1936)/(-42) - 40/420 - (33 + -40).
0
Suppose 0 = -2*v + r + 112, 2*r + 282 = 3*v + 2*v. Suppose -v - 428 = -6*c. Calculate the remainder when c is divided by (104/(-10) - -2)/(36/(-90)).
18
Suppose -180 = -144*j + 135*j. What is the remainder when 750 is divided by j?
10
Suppose -4*d + 15 - 78 = -b, -5*b - d = -273. Suppose 0 = -8*p + 113 - 33. What is the remainder when b is divided by (-6)/(-8)*(p + (-1 - -19))?
13
Let p = 404 - 1189. Let k = p - -795. Calculate the remainder when 99 is divided by k.
9
Let g(r) = -r**2 - 9*r - 4. Let i(j) = 6*j + 34*j**2 - 1 + 30*j**2 - 62*j**2. What is the remainder when i(-7) is divided by g(-6)?
13
Suppose 5*q - t = 7*q - 156, 5*t + 168 = 2*q. Let l(f) = -3*f - 1. Calculate the remainder when q is divided by l(-5).
9
Let x(r) = 512*r**3 - r**2 + 3*r + 3. Let a be x(-1). Let f = -472 - a. Calculate the remainder when 161 is divided by f.
38
Let g(f) = 11*f**2 - 110*f - 544. Calculate the remainder when g(-5) is divided by 206.
75
Let j = 249 - 222. Let r = j + 8. Calculate the remainder when 69 is divided by r.
34
Suppose -21*b - 10596 = -18576. What is the remainder when b is divided by 4?
0
Calculate the remainder when 247 is divided by 64 - (-2 - 12 - -15).
58
Let b(p) = -23*p - 68. Suppose 4*d + 148 = 2*s - 60, 5*d = s - 98. What is the remainder when s is divided by b(-5)?
14
Let n(t) = -198*t + 402. What is the remainder when 51 is divided by n(2)?
3
Suppose 2 = 3*x - 5*x, -4*h + 735 = -3*x. What is the remainder when 738 is divided by h?
6
Suppose 0 = 113*g - 266 - 1275 - 7273. Let j = -6 + 5. Calculate the remainder when g is divided by -4 + 25 - (0 - j).
18
What is the remainder when 2207 is divided by 12/22 - (-1269)/33 - 7?
31
Let a(w) = -49*w**3 - w**2 - 2*w - 1. What is the remainder when a(-1) is divided by -16 + 26 - (-9)/((-18)/(-16))?
13
Let g(b) = 6*b**2 + 32*b + 8. Let n be g(-6). Suppose 0 = -n*d + 31*d + 27. What is the remainder when 215 is divided by d?
26
Suppose -344 = 19*a - 23*a. Suppose -a*m - 1458 = -95*m. What is the remainder when m is divided by 11?
8
What is the remainder when 7228 is divided by 21674/12 - (-325)/390?
0
Let o be 71/(-3) + (-12)/18*-1. Let h(s) = 2*s**2 + 8*s + 4. Let l be h(-6). Let t = o + l. What is the remainder when 16 is divided by t?
1
Let b(w) = -w**2 - 20*w - 88. Let r be b(-13). Suppose -5*l + r*g + 83 = -17, -l - 3*g + 38 = 0. Calculate the remainder when 52 is divided by l.
6
Calculate the remainder when 529 is divided by (-700)/(-40)*(-24)/(-15).
25
Suppose -131 = -3*z + 4*b, 32 = 5*b + 12. Calculate the remainder when 467 is divided by z.
26
Suppose 0 = -7*q + 9*q - 4*b - 164, b + 266 = 3*q. Suppose -78*c + q*c - 2544 = 0. What is the remainder when c is divided by 24?
20
Suppose -10*c + 340 = 3160. Suppose z + 5*n = -1 + 2, 0 = 5*z - 3*n - 61. Calculate the remainder when (-4)/(-5) + (c/(-10) - 8) is divided by z.
10
Suppose -8*i + 16*i = 40. Suppose 0 + 0 = -i*z. Suppose z = 6*s + 37 - 85. What is the remainder when s is divided by 3?
2
Let i(m) = -4*m**2 + 14*m + 24. Let l(n) = 5*n**2 - 15*n - 23. Let g(u) = 4*i(u) + 3*l(u). What is the remainder when 105 is divided by g(11)?
24
Let b be (-15)/(-10)*(-988)/(-2). Suppose -b = -2*s - 11*s. Calculate the remainder when s is divided by 4/(-6) - (-304)/24.
9
Let m(p) = 204*p**2 - 2012*p - 4020. Calculate the remainder when m(-2) is divided by 116.
8
Suppose -7*b = b - 1920. Let l = b + -165. Let t = l + -35. Calculate the remainder when t is divided by 22.
18
Suppose 4 - 2 = 2*o + 5*b, -4*o + 4 = -b. Suppose 473*z - 55 = 469*z + 17. What is the remainder when -2 + 2 + o + 23 is divided by z?
6
Suppose 4677 + 1204 = 5*k - 2*f, 0 = -5*k - 5*f + 5895. Calculate the remainder when k is divided by 72.
25
Let k be 2/(-6) - (3 + 16/(-3)). Suppose k*p = 6*p. Calculate the remainder when (2 - -45 - 0) + -1 + p is divided by 12.
10
Let g(x) = 3*x**3 - 389*x**2 - 2875*x + 18. Suppose h + 167 - 483 = 0. What is the remainder when h is divided by g(-7)?
51
Let b = -443 + 677. Let p = -81 + b. Calculate the remainder when p is divided by 52.
49
Let a(f) = 22*f + 749. Let z(y) = -54*y - 1872. Let i(o) = -12*a(o) - 5*z(o). What is the remainder when i(-23) is divided by 17?
13
Let y = 11045 + -11044. What is the remainder when 42 is divided by y?
0
Suppose -3*k - 17*v = -12*v - 180, -2*k = -2*v - 104. Calculate the remainder when 699 is divided by k.
39
Let n(k) = -41*k + 3673. What is the remainder when n(88) is divided by 42?
23
Let a(f) be the first derivative of -31*f**4/2 + 3*f**2/2 + 3*f - 289. What is the remainder when a(-1) is divided by 22?
18
Suppose -3*q - q = -5*b + 1391, -2*b = -3*q - 562. Calculate the remainder when 291 is divided by b.
16
Let c = -100 + 146. Let r = -22 + c. Suppose 0 = -2*v - 30, 503*l - 507*l + 308 = 4*v. Calculate the remainder when l is divided by r.
20
Let y = 306 - 137. Let p(w) = 4*w**2 + 309*w - 221. What is the remainder when y is divided by p(-78)?
0
Let o(k) = 5*k**2 + 3*k - 5. Let a be o(4). Suppose -25 = -8*q + a. Calculate the remainder when 54 is divided by q.
12
Let x(n) be the second derivative of 0 - 3*n - 31/6*n**3 + 1/2*n**2. Calculate the remainder when x(-4) is divided by 18.
17
Let z be ((-36